{"id":3,"date":"2019-07-27T09:00:50","date_gmt":"2019-07-27T07:00:50","guid":{"rendered":"https:\/\/fitstrategy.it\/?page_id=3"},"modified":"2026-02-04T18:38:55","modified_gmt":"2026-02-04T17:38:55","slug":"privacy-policy-it","status":"publish","type":"page","link":"https:\/\/fitstrategy.it\/en\/privacy-policy-it\/","title":{"rendered":"Privacy Policy"},"content":{"rendered":"<h2 class=\"wp-block-heading\">Informativa in materia di protezione dei dati personali<\/h2>\n\n\n\n<p>FIT STRATEGY SRL, con sede legale in 40121 Bologna (BO) \u2013 via della Zecca n.1 , Codice Fiscale 03788621203 &#8211; (in seguito, \u201cTitolare\u201d), in qualit\u00e0 di titolare del trattamento, La informa ai sensi dell\u2019art. 13 D.Lgs. 30.6.2003 n. 196 (in seguito, \u201cCodice Privacy\u201d) e dell\u2019art. 13 Regolamento UE n. 2016\/679 (in seguito, \u201cGDPR\u201d) che i Suoi dati saranno trattati con le modalit\u00e0 e per le finalit\u00e0 seguenti: <\/p>\n\n\n\n<h3 class=\"wp-block-heading\">Oggetto del Trattamento<\/h3>\n\n\n\n<p>\n\n\n\n\n\n\n\n\n\n\n\n\n\n\n\n\nIl\nTitolare tratta i dati personali, identificativi (ad esempio, nome, cognome,\nindirizzo, telefono, e-mail, riferimenti bancari e di pagamento) \u2013 in seguito,\n\u201cdati personali\u201d o anche \u201cdati\u201d) da Lei comunicati in relazione all\u2019iscrizione\na socio e per la comunicazione di informazioni relative alle attivit\u00e0\ndell\u2019associazione\n\n\n\n<\/p>\n\n\n\n<h3 class=\"wp-block-heading\">Finalit\u00e0 del Trattamento<\/h3>\n\n\n\n<p>I Suoi dati personali sono trattati:<\/p>\n\n\n\n<p>A) senza il Suo consenso espresso (art. 24 lett. a), b), c) Codice Privacy e art. 6 lett. b), e) GDPR), per le seguenti Finalit\u00e0 di Servizio:<\/p>\n\n\n\n<ol class=\"wp-block-list\"><li>iscrizione all\u2019associazione;<\/li><li>inviarLe (via posta, e-mail) la comunicazione relative alla convocazione dell\u2019Assemblea dei Soci come da statuto sociale;<\/li><li>inviarLe (via posta, e-mail) informazioni inerenti le delibere dell\u2019Assemblea dei Soci o altre informazioni relative all\u2019Associazione;<\/li><li>adempiere agli obblighi precontrattuali, contrattuali e fiscali derivanti da rapporti con Lei in essere;<\/li><li>adempiere agli obblighi previsti dalla legge, dalla normativa comunitaria o da un ordine delle Autorit\u00e0;<\/li><li>esercitare i diritti del Titolare, ad esempio il diritto di difesa in giudizio.<\/li><li>Solo previo Suo specifico e distinto consenso (artt. 23 e 130 Codice Privacy e art. 7 GDPR), per le seguenti Finalit\u00e0 di Marketing:<\/li><\/ol>\n\n\n\n<h3 class=\"wp-block-heading\">Modalit\u00e0 di Trattamento<\/h3>\n\n\n\n<p>\n\n\n\n\n\n\n\n\n\n\n\n\n\n\n\n\nIl\ntrattamento dei Suoi dati personali \u00e8 realizzato per mezzo delle operazioni\nindicate all\u2019art. 4 Codice Privacy e all\u2019art. 4 n. 2) GDPR e precisamente:\nraccolta, registrazione, organizzazione, conservazione, consultazione,\nelaborazione, modificazione, selezione, estrazione, raffronto, utilizzo,\ninterconnessione, blocco, comunicazione, cancellazione e distruzione dei dati.\nI Suoi dati personali sono sottoposti a trattamento sia cartaceo che elettronico\ne\/o automatizzato.<br>\nIl Titolare tratter\u00e0 i dati personali per il tempo necessario per adempiere\nalle finalit\u00e0 di cui sopra e comunque per non oltre 10 anni dalla cessazione\ndel rapporto per le finalit\u00e0 di servizio inerenti all\u2019associazione. \n\n\n\n<\/p>\n\n\n\n<h3 class=\"wp-block-heading\">Accesso ai Dati<\/h3>\n\n\n\n<p> I Suoi dati potranno essere resi accessibili per le finalit\u00e0 di cui all\u2019art. 2.A) e 2.B):  <\/p>\n\n\n\n<ul class=\"wp-block-list\"><li>a dipendenti e collaboratori del Titolare nella loro qualit\u00e0 di incaricati e\/o responsabili interni del trattamento e\/o amministratori di sistema;<\/li><li>a societ\u00e0 terze o altri soggetti (a titolo indicativo, commercialista, istituti di credito, studi professionali, consulenti, societ\u00e0 di assicurazione, etc.) che svolgono attivit\u00e0 in outsourcing per conto del Titolare, nella loro qualit\u00e0 di responsabili esterni del trattamento. <\/li><\/ul>\n\n\n\n<h3 class=\"wp-block-heading\">Comunicazione dei Dati<\/h3>\n\n\n\n<ol class=\"wp-block-list\"><li>Senza la necessit\u00e0 di un espresso consenso (ex art.\n24 lett. a), b), d) Codice Privacy e art. 6 lett. b) e c) GDPR), il Titolare\npotr\u00e0 comunicare i Suoi dati per le finalit\u00e0 di cui all\u2019art. 2.A) a Autorit\u00e0\ngiudiziarie, a societ\u00e0 di assicurazione per la prestazione di servizi\nassicurativi, nonch\u00e9 a quei soggetti ai quali la comunicazione sia obbligatoria\nper legge per l\u2019espletamento delle finalit\u00e0 dette. Detti soggetti tratteranno i\ndati nella loro qualit\u00e0 di autonomi titolari del trattamento. <br>\nI Suoi dati NON saranno diffusi. <\/li><\/ol>\n\n\n\n<h3 class=\"wp-block-heading\" id=\"mce_60\">Trasferimento dei Dati<\/h3>\n\n\n\n<p>I dati personali sono conservati su supporto cartaceo o su sistemi informativi ad esclusivo utilizzo dell&#8217;associazione.  <\/p>\n\n\n\n<h3 class=\"wp-block-heading\">Natura del conferimento dei dati e conseguenze del rifiuto di rispondere<\/h3>\n\n\n\n<p>Il conferimento dei dati per le finalit\u00e0 di cui all\u2019art. 2.A) \u00e8 obbligatorio. In loro assenza, non potremo garantirLe l\u2019iscrizione all\u2019Associazione e i Servizi dell\u2019art. 2.A). <br> Il conferimento dei dati per le finalit\u00e0 di cui all\u2019art. 2.B) \u00e8 invece facoltativo. Pu\u00f2 quindi decidere di non conferire alcun dato o di negare successivamente la possibilit\u00e0 di trattare dati gi\u00e0 forniti: in tal caso, continuer\u00e0 comunque ad avere diritto ai Servizi di cui all\u2019art. 2.A).<\/p>\n\n\n\n<h3 class=\"wp-block-heading\">Diritti dell&#8217;interessato<\/h3>\n\n\n\n<p> Nella Sua qualit\u00e0 di interessato, ha i diritti di cui all\u2019art. 7 Codice Privacy e art. 15 GDPR e precisamente i diritti di: <\/p>\n\n\n\n<ul class=\"wp-block-list\"><li>ottenere la conferma dell&#8217;esistenza o meno di dati personali che La riguardano, anche se non ancora registrati, e la loro comunicazione in forma intelligibile; <\/li><li>ottenere l&#8217;indicazione: a) dell&#8217;origine dei dati personali; b) delle finalit\u00e0 e modalit\u00e0 del trattamento; c) della logica applicata in caso di trattamento effettuato con l&#8217;ausilio di strumenti elettronici; d) degli estremi identificativi del titolare, dei responsabili e del rappresentante designato ai sensi dell&#8217;art. 5, comma 2 Codice Privacy e art. 3, comma 1, GDPR; e) dei soggetti o delle categorie di soggetti ai quali i dati personali possono essere comunicati o che possono venirne a conoscenza in qualit\u00e0 di rappresentante designato nel territorio dello Stato, di responsabili o incaricati; <\/li><li>ottenere:<br> a) l&#8217;aggiornamento, la rettificazione ovvero, quando vi ha interesse, l&#8217;integrazione dei dati;<br> b) la cancellazione, la trasformazione in forma anonima o il blocco dei dati trattati in violazione di legge, compresi quelli di cui non \u00e8 necessaria la conservazione in relazione agli scopi per i quali i dati sono stati raccolti o successivamente trattati;<br> c) l&#8217;attestazione che le operazioni di cui alle lettere a) e b) sono state portate a conoscenza, anche per quanto riguarda il loro contenuto, di coloro ai quali i dati sono stati comunicati o diffusi, eccettuato il caso in cui tale adempimento si rivela impossibile o comporta un impiego di mezzi manifestamente sproporzionato rispetto al diritto tutelato; <\/li><li>opporsi, in tutto o in parte:<br> a) per motivi legittimi al trattamento dei dati personali che La riguardano, ancorch\u00e9 pertinenti allo scopo della raccolta;<br> b) al trattamento di dati personali che La riguardano a fini di invio di materiale pubblicitario o di comunicazioni commerciali, di cui al precedente punto b). <br> Ove applicabili, ha altres\u00ec i diritti di cui agli artt. 16-21 GDPR (Diritto di rettifica, diritto all\u2019oblio, diritto di limitazione di trattamento, diritto alla portabilit\u00e0 dei dati, diritto di opposizione), nonch\u00e9 il diritto di reclamo all\u2019Autorit\u00e0 Garante. <\/li><\/ul>\n\n\n\n<h3 class=\"wp-block-heading\" id=\"mce_81\">Modalit\u00e0 di esercizio dei diritti<\/h3>\n\n\n\n<p>Potr\u00e0 in qualsiasi momento esercitare i diritti inviando una raccomandata a.r. a FIT STRATEGY SRL, con sede legale in 40121 Bologna (BO) \u2013 via della Zecca n.1 , Codice Fiscale 03788621203 o una e-mail all\u2019indirizzo: fit@fitstrategy.it. <\/p>\n\n\n\n<h3 class=\"wp-block-heading\" id=\"mce_88\">Titolare, Responsabile ed Incaricati<\/h3>\n\n\n\n<p>Il Titolare del trattamento \u00e8 FIT STRATEGY SRL, con sede legale in 40121 Bologna (BO) \u2013 via della Zecca n.1 , Codice Fiscale 03788621203. L\u2019elenco aggiornato dei responsabili e degli incaricati al trattamento \u00e8 custodito presso la sede legale del Titolare del trattamento. <\/p>","protected":false},"excerpt":{"rendered":"<p>Informativa in materia di protezione dei dati personali FIT STRATEGY SRL, con sede legale in 40121 Bologna (BO) \u2013 via della Zecca n.1 , Codice Fiscale 03788621203 &#8211; (in seguito, \u201cTitolare\u201d), in qualit\u00e0 di titolare del trattamento, La informa ai sensi dell\u2019art. 13 D.Lgs. 30.6.2003 n. 196 (in seguito, \u201cCodice Privacy\u201d) e dell\u2019art. 13 Regolamento [&hellip;]<\/p>","protected":false},"author":4,"featured_media":0,"parent":0,"menu_order":0,"comment_status":"closed","ping_status":"closed","template":"","meta":{"_acf_changed":false,"_monsterinsights_skip_tracking":false,"_monsterinsights_sitenote_active":false,"_monsterinsights_sitenote_note":"","_monsterinsights_sitenote_category":0,"footnotes":""},"class_list":["post-3","page","type-page","status-publish","hentry"],"acf":[],"jetpack_sharing_enabled":true,"_links":{"self":[{"href":"https:\/\/fitstrategy.it\/en\/wp-json\/wp\/v2\/pages\/3","targetHints":{"allow":["GET"]}}],"collection":[{"href":"https:\/\/fitstrategy.it\/en\/wp-json\/wp\/v2\/pages"}],"about":[{"href":"https:\/\/fitstrategy.it\/en\/wp-json\/wp\/v2\/types\/page"}],"author":[{"embeddable":true,"href":"https:\/\/fitstrategy.it\/en\/wp-json\/wp\/v2\/users\/4"}],"replies":[{"embeddable":true,"href":"https:\/\/fitstrategy.it\/en\/wp-json\/wp\/v2\/comments?post=3"}],"version-history":[{"count":1,"href":"https:\/\/fitstrategy.it\/en\/wp-json\/wp\/v2\/pages\/3\/revisions"}],"predecessor-version":[{"id":771,"href":"https:\/\/fitstrategy.it\/en\/wp-json\/wp\/v2\/pages\/3\/revisions\/771"}],"wp:attachment":[{"href":"https:\/\/fitstrategy.it\/en\/wp-json\/wp\/v2\/media?parent=3"}],"curies":[{"name":"wp","href":"https:\/\/api.w.org\/{rel}","templated":true}]}}

<h2 class="wp-block-heading">Informativa in materia di protezione dei dati personali</h2>



<p>FIT STRATEGY SRL, con sede legale in 40121 Bologna (BO) – via della Zecca n.1 , Codice Fiscale 03788621203 &#8211; (in seguito, “Titolare”), in qualità di titolare del trattamento, La informa ai sensi dell’art. 13 D.Lgs. 30.6.2003 n. 196 (in seguito, “Codice Privacy”) e dell’art. 13 Regolamento UE n. 2016/679 (in seguito, “GDPR”) che i Suoi dati saranno trattati con le modalità e per le finalità seguenti: </p>



<h3 class="wp-block-heading">Oggetto del Trattamento</h3>



<p>
















Il
Titolare tratta i dati personali, identificativi (ad esempio, nome, cognome,
indirizzo, telefono, e-mail, riferimenti bancari e di pagamento) – in seguito,
“dati personali” o anche “dati”) da Lei comunicati in relazione all’iscrizione
a socio e per la comunicazione di informazioni relative alle attività
dell’associazione



</p>



<h3 class="wp-block-heading">Finalità del Trattamento</h3>



<p>I Suoi dati personali sono trattati:</p>



<p>A) senza il Suo consenso espresso (art. 24 lett. a), b), c) Codice Privacy e art. 6 lett. b), e) GDPR), per le seguenti Finalità di Servizio:</p>



<ol class="wp-block-list"><li>iscrizione all’associazione;</li><li>inviarLe (via posta, e-mail) la comunicazione relative alla convocazione dell’Assemblea dei Soci come da statuto sociale;</li><li>inviarLe (via posta, e-mail) informazioni inerenti le delibere dell’Assemblea dei Soci o altre informazioni relative all’Associazione;</li><li>adempiere agli obblighi precontrattuali, contrattuali e fiscali derivanti da rapporti con Lei in essere;</li><li>adempiere agli obblighi previsti dalla legge, dalla normativa comunitaria o da un ordine delle Autorità;</li><li>esercitare i diritti del Titolare, ad esempio il diritto di difesa in giudizio.</li><li>Solo previo Suo specifico e distinto consenso (artt. 23 e 130 Codice Privacy e art. 7 GDPR), per le seguenti Finalità di Marketing:</li></ol>



<h3 class="wp-block-heading">Modalità di Trattamento</h3>



<p>
















Il
trattamento dei Suoi dati personali è realizzato per mezzo delle operazioni
indicate all’art. 4 Codice Privacy e all’art. 4 n. 2) GDPR e precisamente:
raccolta, registrazione, organizzazione, conservazione, consultazione,
elaborazione, modificazione, selezione, estrazione, raffronto, utilizzo,
interconnessione, blocco, comunicazione, cancellazione e distruzione dei dati.
I Suoi dati personali sono sottoposti a trattamento sia cartaceo che elettronico
e/o automatizzato.<br>
Il Titolare tratterà i dati personali per il tempo necessario per adempiere
alle finalità di cui sopra e comunque per non oltre 10 anni dalla cessazione
del rapporto per le finalità di servizio inerenti all’associazione. 



</p>



<h3 class="wp-block-heading">Accesso ai Dati</h3>



<p> I Suoi dati potranno essere resi accessibili per le finalità di cui all’art. 2.A) e 2.B):  </p>



<ul class="wp-block-list"><li>a dipendenti e collaboratori del Titolare nella loro qualità di incaricati e/o responsabili interni del trattamento e/o amministratori di sistema;</li><li>a società terze o altri soggetti (a titolo indicativo, commercialista, istituti di credito, studi professionali, consulenti, società di assicurazione, etc.) che svolgono attività in outsourcing per conto del Titolare, nella loro qualità di responsabili esterni del trattamento. </li></ul>



<h3 class="wp-block-heading">Comunicazione dei Dati</h3>



<ol class="wp-block-list"><li>Senza la necessità di un espresso consenso (ex art.
24 lett. a), b), d) Codice Privacy e art. 6 lett. b) e c) GDPR), il Titolare
potrà comunicare i Suoi dati per le finalità di cui all’art. 2.A) a Autorità
giudiziarie, a società di assicurazione per la prestazione di servizi
assicurativi, nonché a quei soggetti ai quali la comunicazione sia obbligatoria
per legge per l’espletamento delle finalità dette. Detti soggetti tratteranno i
dati nella loro qualità di autonomi titolari del trattamento. <br>
I Suoi dati NON saranno diffusi. </li></ol>



<h3 class="wp-block-heading" id="mce_60">Trasferimento dei Dati</h3>



<p>I dati personali sono conservati su supporto cartaceo o su sistemi informativi ad esclusivo utilizzo dell&#8217;associazione.  </p>



<h3 class="wp-block-heading">Natura del conferimento dei dati e conseguenze del rifiuto di rispondere</h3>



<p>Il conferimento dei dati per le finalità di cui all’art. 2.A) è obbligatorio. In loro assenza, non potremo garantirLe l’iscrizione all’Associazione e i Servizi dell’art. 2.A). <br> Il conferimento dei dati per le finalità di cui all’art. 2.B) è invece facoltativo. Può quindi decidere di non conferire alcun dato o di negare successivamente la possibilità di trattare dati già forniti: in tal caso, continuerà comunque ad avere diritto ai Servizi di cui all’art. 2.A).</p>



<h3 class="wp-block-heading">Diritti dell&#8217;interessato</h3>



<p> Nella Sua qualità di interessato, ha i diritti di cui all’art. 7 Codice Privacy e art. 15 GDPR e precisamente i diritti di: </p>



<ul class="wp-block-list"><li>ottenere la conferma dell&#8217;esistenza o meno di dati personali che La riguardano, anche se non ancora registrati, e la loro comunicazione in forma intelligibile; </li><li>ottenere l&#8217;indicazione: a) dell&#8217;origine dei dati personali; b) delle finalità e modalità del trattamento; c) della logica applicata in caso di trattamento effettuato con l&#8217;ausilio di strumenti elettronici; d) degli estremi identificativi del titolare, dei responsabili e del rappresentante designato ai sensi dell&#8217;art. 5, comma 2 Codice Privacy e art. 3, comma 1, GDPR; e) dei soggetti o delle categorie di soggetti ai quali i dati personali possono essere comunicati o che possono venirne a conoscenza in qualità di rappresentante designato nel territorio dello Stato, di responsabili o incaricati; </li><li>ottenere:<br> a) l&#8217;aggiornamento, la rettificazione ovvero, quando vi ha interesse, l&#8217;integrazione dei dati;<br> b) la cancellazione, la trasformazione in forma anonima o il blocco dei dati trattati in violazione di legge, compresi quelli di cui non è necessaria la conservazione in relazione agli scopi per i quali i dati sono stati raccolti o successivamente trattati;<br> c) l&#8217;attestazione che le operazioni di cui alle lettere a) e b) sono state portate a conoscenza, anche per quanto riguarda il loro contenuto, di coloro ai quali i dati sono stati comunicati o diffusi, eccettuato il caso in cui tale adempimento si rivela impossibile o comporta un impiego di mezzi manifestamente sproporzionato rispetto al diritto tutelato; </li><li>opporsi, in tutto o in parte:<br> a) per motivi legittimi al trattamento dei dati personali che La riguardano, ancorché pertinenti allo scopo della raccolta;<br> b) al trattamento di dati personali che La riguardano a fini di invio di materiale pubblicitario o di comunicazioni commerciali, di cui al precedente punto b). <br> Ove applicabili, ha altresì i diritti di cui agli artt. 16-21 GDPR (Diritto di rettifica, diritto all’oblio, diritto di limitazione di trattamento, diritto alla portabilità dei dati, diritto di opposizione), nonché il diritto di reclamo all’Autorità Garante. </li></ul>



<h3 class="wp-block-heading" id="mce_81">Modalità di esercizio dei diritti</h3>



<p>Potrà in qualsiasi momento esercitare i diritti inviando una raccomandata a.r. a FIT STRATEGY SRL, con sede legale in 40121 Bologna (BO) – via della Zecca n.1 , Codice Fiscale 03788621203 o una e-mail all’indirizzo: fit@fitstrategy.it. </p>



<h3 class="wp-block-heading" id="mce_88">Titolare, Responsabile ed Incaricati</h3>



<p>Il Titolare del trattamento è FIT STRATEGY SRL, con sede legale in 40121 Bologna (BO) – via della Zecca n.1 , Codice Fiscale 03788621203. L’elenco aggiornato dei responsabili e degli incaricati al trattamento è custodito presso la sede legale del Titolare del trattamento. </p>

<p>Informativa in materia di protezione dei dati personali FIT STRATEGY SRL, con sede legale in 40121 Bologna (BO) – via della Zecca n.1 , Codice Fiscale 03788621203 &#8211; (in seguito, “Titolare”), in qualità di titolare del trattamento, La informa ai sensi dell’art. 13 D.Lgs. 30.6.2003 n. 196 (in seguito, “Codice Privacy”) e dell’art. 13 Regolamento [&hellip;]</p>
